{"id":7187,"date":"2017-09-19T13:35:27","date_gmt":"2017-09-19T13:35:27","guid":{"rendered":"http:\/\/kurioworld.com\/fr-Gulli\/?page_id=7187"},"modified":"2017-09-19T13:35:27","modified_gmt":"2017-09-19T13:35:27","slug":"terms-of-use","status":"publish","type":"page","link":"https:\/\/kurioworld.com\/fr-gulli\/terms-of-use\/","title":{"rendered":"Conditions g\u00e9n\u00e9rales d&rsquo;utilisation des tablettes"},"content":{"rendered":"<section class=\"l-section wpb_row height_medium\"><div class=\"l-section-h i-cf\"><div class=\"g-cols vc_row via_flex valign_top type_default stacking_default\"><div class=\"vc_col-sm-12 wpb_column vc_column_container\"><div class=\"vc_column-inner\"><div class=\"wpb_wrapper\"><div class=\"wpb_text_column\"><div class=\"wpb_wrapper\"><p>Derni\u00e8re mise \u00e0 jour: le 15 ao\u00fbt, 2015<\/p>\n<p>Merci d&rsquo;utiliser nos produits et services (\u00abServices\u00bb). Ils sont fournis par CIDE\u00a0Interactive SLU. (\u00ab\u00a0KD Interactive\u00a0\u00bb), situ\u00e9 \u00e0 Viladecans Business Park, Edificio Brasil, C \/ Catalunya, 83-85 PL.1 B1, 08840 VILADECANS &#8211; Barcelone &#8211; Espagne.<\/p>\n<p>En utilisant nos Services, vous en acceptez les termes. Veuillez lire attentivement ce qui suit.<\/p>\n<p>Nos services sont divers, il se peut que certains\u00a0termes particuliers suppl\u00e9mentaires doivent s&rsquo;appliquer en fonction de leur nature . Les conditions suppl\u00e9mentaires seront disponibles avec les services concern\u00e9s, et ces conditions suppl\u00e9mentaires deviendront partie int\u00e9grante des conditions si vous utiliser ces services.<\/p>\n<h3>Utilisation de nos services<\/h3>\n<p>Vous devez respecter les conditions d&rsquo;utilisation mises \u00e0 votre disposition dans chaque service.<\/p>\n<p>Veuillez utiliser nos services conform\u00e9ment \u00e0 leur destination. Par exemple, n&rsquo;essayez pas d&rsquo;y acc\u00e9der en utilisant une m\u00e9thode autre que l&rsquo;interface et les instructions que nous fournissons. Vous pouvez utiliser nos services seulement dans le cadre autoris\u00e9 par la loi, y compris les lois et r\u00e8glements applicables aux contr\u00f4les d&rsquo;exportation ou de r\u00e9exportation. Nous pouvons suspendre ou cesser de fournir nos services si vous ne vous conformez pas \u00e0 nos conditions, ou si nous \u00e9tudions une faute pr\u00e9sum\u00e9e.<\/p>\n<p>L&rsquo;utilisation de nos services ne vous donne pas la propri\u00e9t\u00e9 des droits de propri\u00e9t\u00e9 intellectuelle de nos services ou du contenu auquel vous acc\u00e9dez en les utilisant. Vous ne pouvez pas utiliser le contenu inclus ou acc\u00e9d\u00e9 via nos services \u00e0 moins d&rsquo;obtenir l&rsquo;autorisation de son propri\u00e9taire. Ces termes ne vous accordent pas le droit d&rsquo;utiliser toute marque ou logos pr\u00e9sent dans nos services. Ne pas retirer, masquer ou modifier les mentions l\u00e9gales affich\u00e9es dans ou avec nos services.<\/p>\n<p>Nos services peuvent fournir un contenu qui n&rsquo;appartient pas \u00e0 KD Interactive. Ce contenu est de la seule responsabilit\u00e9 de l&rsquo;entit\u00e9 qui le rend disponible. Nous pouvons examiner le contenu pour d\u00e9terminer s&rsquo;il est ill\u00e9gal ou viole nos consitions, et nous nous r\u00e9servons le droit de supprimer ou de refuser l&rsquo;affichage de tout contenu que nous estimons raisonnablement en violation de nos conditions d&rsquo;utilisation ou de la loi. Mais cela ne signifie pas n\u00e9cessairement que nous passons en revue l&rsquo;int\u00e9gralit\u00e9 du contenu pouvant \u00eatre acc\u00e9d\u00e9 via nos services, donc ne pr\u00e9sumez pas que ce soit le cas.<\/p>\n<p>Dans le cadre de votre utilisation des Services, nous pouvons vous envoyer des annonces de service, des messages administratifs et d&rsquo;autres informations. Vous pouvez \u00e0 tout moment demander \u00e0 ne plus \u00eatre contact\u00e9.<\/p>\n<h3>Protection de la vie priv\u00e9e<\/h3>\n<p>La politique de confidentialit\u00e9 de KD Interactive d\u00e9crit la fa\u00e7on dont nous traitons vos donn\u00e9es personnelles et la protection de votre vie priv\u00e9e lorsque vous utilisez nos services. En utilisant nos Services, vous consentez \u00e0 ce que KD Interactive puisse utiliser ces donn\u00e9es conform\u00e9ment \u00e0 notre politique de confidentialit\u00e9.<\/p>\n<h3>\u00c0 propos des logiciels dans nos services<\/h3>\n<p>Quand un service n\u00e9cessite ou inclut un logiciel t\u00e9l\u00e9chargeable, ce logiciel peut se mettre \u00e0 jour automatiquement sur votre appareil une fois une nouvelle version ou une fonction\u00a0disponible. Certains services peuvent vous permettre de r\u00e9gler vos param\u00e8tres de mise \u00e0 jour automatique.<\/p>\n<p>KD Interactive vous donne une licence personnelle, mondiale, sans royalties, incessible et non exclusive pour utiliser le logiciel fourni par KD Interactive dans le cadre des Services. Cette licence a pour seul but de vous permettre d&rsquo;utiliser et de b\u00e9n\u00e9ficier des Services tels que fournis par KD Interactive, de la mani\u00e8re permise par les pr\u00e9sentes conditions. Vous ne pouvez pas copier, modifier, distribuer, vendre, ou louer une partie de nos services ou des logiciels inclus, et vous ne pouvez d\u00e9sosser ou tenter d&rsquo;extraire le code source de ce logiciel, \u00e0 moins d&rsquo;avoir notre permission \u00e9crite.<\/p>\n<h3>Modification et R\u00e9siliation nos services<\/h3>\n<p>Dans le but d&rsquo;am\u00e9liorer nos services, nous modifions et ajoutons en permanence les fonctionnalit\u00e9s des Services. Nous pouvons ajouter ou supprimer des fonctionnalit\u00e9s ou caract\u00e9ristiques, et nous pouvons suspendre ou arr\u00eater un service compl\u00e8tement.<\/p>\n<p>Vous pouvez arr\u00eater l&rsquo;utilisation de nos services \u00e0 tout moment. KD Interactive peut \u00e9galement cesser de vous fournir des services, ajouter ou cr\u00e9er de nouvelles limites \u00e0 nos services \u00e0 tout moment.<\/p>\n<h3>Nos garanties et non-responsabilit\u00e9<\/h3>\n<p>Nous fournissons nos services a un niveau de qualit\u00e9 commercialement raisonnable et nous esp\u00e9rons que vous appr\u00e9cierez leur utilisation. Mais il ya certaines choses que nous ne pouvons garantir \u00e0 propos de nos services.<\/p>\n<p>Autres que ceux express\u00e9ment \u00e9nonc\u00e9es dans les pr\u00e9sentes CONDITIONS ou des Conditions suppl\u00e9mentaires, NI KD INTERACTIVE NI SES FOURNISSEURS OU DISTRIBUTEURS ne faisons de promesses sp\u00e9cifiques quant aux SERVICES. Par exemple, nous ne prenons aucun ENGAGEMENTS SUR LE CONTENU DES SERVICES, des fonctionnalit\u00e9s sp\u00e9cifiques de ces services ou de leur fiabilit\u00e9, sur leur disponibilit\u00e9 ou capacit\u00e9 \u00e0 r\u00e9pondre \u00e0 vos besoins. Nous offrons les services \u00ab\u00a0TEL QUEL\u00a0\u00bb.<\/p>\n<p>Certaines administrations pr\u00e9voient\u00a0CERTAINES GARANTIES, COMME LA GARANTIE IMPLICITE DE QUALIT\u00c9 MARCHANDE, D&rsquo;ADEQUATION A UN USAGE PARTICULIER ET D&rsquo;ABSENCE DE CONTREFA\u00c7ON. DANS LA MESURE AUTORISEE PAR LA LOI, nous excluons toutes les garanties.<\/p>\n<h3>Responsabilit\u00e9 pour nos services<\/h3>\n<p>QUAND LA LOI LE PERMET, KD interactifs et les fournisseurs et les distributeurs de KD Interactive, NE SERONT PAS RESPONSABLE DE LA PERTE DE PROFITS, DE REVENUS, ou de donn\u00e9es, pertes financi\u00e8res ou dommages indirects, particuliers, cons\u00e9cutifs, exemplaires ou punitifs cons\u00e9cutifs \u00e0 l&rsquo;usage des services.<\/p>\n<p>DANS LA MESURE AUTORISEE PAR LA LOI, LA RESPONSABILIT\u00c9 TOTALE DE KD INTERACTIVE ET SES FOURNISSEURS ET DISTRIBUTEURS POUR TOUTE DEMANDE DANS CES CONDITIONS, Y COMPRIS POUR TOUTE GARANTIE IMPLICITE, est limit\u00e9e au montant VOUS AVEZ PAYE \u00c9tats-Unis d&rsquo;utiliser les Services (ou, si nous choisir, de vous fournir services \u00e0 nouveau).<\/p>\n<p>DANS TOUS LES CAS, KD INTERACTIVE ET SES FOURNISSEURS ET DISTRIBUTEURS, NE SERONT PAS RESPONSABLE DES PERTES OU DOMMAGES qui ne seraient pas raisonnablement pr\u00e9visibles.<\/p>\n<h3>\u00c0 propos de ces Conditions<\/h3>\n<p>Nous pouvons modifier ces termes ou les termes additionnels qui s&rsquo;appliquent \u00e0 un service pour, par exemple, tenir compte des modifications apport\u00e9es \u00e0 la loi ou des modifications \u00e0 nos services. Vous devriez regarder les termes et conditions r\u00e9guli\u00e8rement. Les modifications ne s&rsquo;appliqueront pas r\u00e9troactivement et entreront en vigueur au plus t\u00f4t quatorze jours apr\u00e8s leur publication. Cependant, les modifications portant sur de nouvelles fonctions pour un service ou les modifications apport\u00e9es pour des raisons juridiques seront en vigueur imm\u00e9diatement. Si vous n&rsquo;acceptez pas les termes modifi\u00e9s pour un service, vous devez cesser l&rsquo;utilisation de ce service.<\/p>\n<p>S&rsquo;il ya un conflit entre ces termes et les termes additionnels, les termes additionnels pr\u00e9vaudront pour ce conflit.<\/p>\n<p>Ces termes contr\u00f4lent la relation entre KD Interactive et vous. Ils ne cr\u00e9ent pas de droits \u00e0 des tiers b\u00e9n\u00e9ficiaires.<\/p>\n<p>Si vous ne respectez pas ces conditions, et que nous ne prenons pas de mesures imm\u00e9diatement, cela ne signifie pas que nous renon\u00e7ons \u00e0 faire valoir nos droits (comme la prise de mesures dans le futur).<\/p>\n<p>S&rsquo;il s&rsquo;av\u00e8re qu&rsquo;un terme particulier n&rsquo;est pas ex\u00e9cutoire, cela n&rsquo;affectera pas les autres modalit\u00e9s.<\/p>\n<p>Les lois\u00a0 anglaises s&rsquo;appliquent \u00e0 tout litige d\u00e9coulant de, ou li\u00e9 \u00e0 ces termes ou les services. Toutes les r\u00e9clamations d\u00e9coulant de, ou li\u00e9 \u00e0 ces termes ou les services seront jug\u00e9es exclusivement dans la cour de justice de Londres, Royaume-Uni, et vous et KD Interactive consentement \u00e0 la comp\u00e9tence personnelle de ces tribunaux.<\/p>\n<\/div><\/div><\/div><\/div><\/div><\/div><\/div><\/section>\n","protected":false},"excerpt":{"rendered":"Derni\u00e8re mise \u00e0 jour: le 15 ao\u00fbt, 2015 Merci d&rsquo;utiliser nos produits et services (\u00abServices\u00bb). Ils sont fournis par CIDE\u00a0Interactive SLU. (\u00ab\u00a0KD Interactive\u00a0\u00bb), situ\u00e9 \u00e0 Viladecans Business Park, Edificio Brasil, C \/ Catalunya, 83-85 PL.1 B1, 08840 VILADECANS &#8211; Barcelone &#8211; Espagne. En utilisant nos Services, vous en acceptez les termes. Veuillez lire attentivement ce...","protected":false},"author":2,"featured_media":0,"parent":0,"menu_order":0,"comment_status":"closed","ping_status":"closed","template":"","meta":{"footnotes":""},"class_list":["post-7187","page","type-page","status-publish","hentry"],"yoast_head":"<!-- This site is optimized with the Yoast SEO plugin v27.3 - https:\/\/yoast.com\/product\/yoast-seo-wordpress\/ -->\n<title>Conditions g\u00e9n\u00e9rales d&#039;utilisation des tablettes - Kurio - recommand\u00e9 par Gulli<\/title>\n<meta name=\"robots\" content=\"index, follow, max-snippet:-1, max-image-preview:large, max-video-preview:-1\" \/>\n<link rel=\"canonical\" href=\"https:\/\/kurioworld.com\/fr-gulli\/terms-of-use\/\" \/>\n<meta property=\"og:locale\" content=\"fr_FR\" \/>\n<meta property=\"og:type\" content=\"article\" \/>\n<meta property=\"og:title\" content=\"Conditions g\u00e9n\u00e9rales d&#039;utilisation des tablettes - Kurio - recommand\u00e9 par Gulli\" \/>\n<meta property=\"og:url\" content=\"https:\/\/kurioworld.com\/fr-gulli\/terms-of-use\/\" \/>\n<meta property=\"og:site_name\" content=\"Kurio - recommand\u00e9 par Gulli\" \/>\n<meta property=\"og:image\" content=\"https:\/\/kurioworld.com\/fr-gulli\/wp-content\/uploads\/sites\/11\/2025\/07\/kurioworld_home_FR.png\" \/>\n\t<meta property=\"og:image:width\" content=\"1200\" \/>\n\t<meta property=\"og:image:height\" content=\"675\" \/>\n\t<meta property=\"og:image:type\" content=\"image\/png\" \/>\n<meta name=\"twitter:card\" content=\"summary_large_image\" \/>\n<meta name=\"twitter:label1\" content=\"Dur\u00e9e de lecture estim\u00e9e\" \/>\n\t<meta name=\"twitter:data1\" content=\"6 minutes\" \/>\n<script type=\"application\/ld+json\" class=\"yoast-schema-graph\">{\"@context\":\"https:\\\/\\\/schema.org\",\"@graph\":[{\"@type\":\"WebPage\",\"@id\":\"https:\\\/\\\/kurioworld.com\\\/fr-gulli\\\/terms-of-use\\\/\",\"url\":\"https:\\\/\\\/kurioworld.com\\\/fr-gulli\\\/terms-of-use\\\/\",\"name\":\"Conditions g\u00e9n\u00e9rales d'utilisation des tablettes - Kurio - recommand\u00e9 par Gulli\",\"isPartOf\":{\"@id\":\"https:\\\/\\\/kurioworld.com\\\/fr-gulli\\\/#website\"},\"datePublished\":\"2017-09-19T13:35:27+00:00\",\"breadcrumb\":{\"@id\":\"https:\\\/\\\/kurioworld.com\\\/fr-gulli\\\/terms-of-use\\\/#breadcrumb\"},\"inLanguage\":\"fr-FR\",\"potentialAction\":[{\"@type\":\"ReadAction\",\"target\":[\"https:\\\/\\\/kurioworld.com\\\/fr-gulli\\\/terms-of-use\\\/\"]}]},{\"@type\":\"BreadcrumbList\",\"@id\":\"https:\\\/\\\/kurioworld.com\\\/fr-gulli\\\/terms-of-use\\\/#breadcrumb\",\"itemListElement\":[{\"@type\":\"ListItem\",\"position\":1,\"name\":\"Portada\",\"item\":\"https:\\\/\\\/kurioworld.com\\\/fr-gulli\\\/\"},{\"@type\":\"ListItem\",\"position\":2,\"name\":\"Conditions g\u00e9n\u00e9rales d&rsquo;utilisation des tablettes\"}]},{\"@type\":\"WebSite\",\"@id\":\"https:\\\/\\\/kurioworld.com\\\/fr-gulli\\\/#website\",\"url\":\"https:\\\/\\\/kurioworld.com\\\/fr-gulli\\\/\",\"name\":\"Kurio - recommand\u00e9 par Gulli\",\"description\":\"SAFE TECH FOR KIDS\",\"alternateName\":\"Kurio\",\"potentialAction\":[{\"@type\":\"SearchAction\",\"target\":{\"@type\":\"EntryPoint\",\"urlTemplate\":\"https:\\\/\\\/kurioworld.com\\\/fr-gulli\\\/?s={search_term_string}\"},\"query-input\":{\"@type\":\"PropertyValueSpecification\",\"valueRequired\":true,\"valueName\":\"search_term_string\"}}],\"inLanguage\":\"fr-FR\"}]}<\/script>\n<!-- \/ Yoast SEO plugin. -->","yoast_head_json":{"title":"Conditions g\u00e9n\u00e9rales d'utilisation des tablettes - Kurio - recommand\u00e9 par Gulli","robots":{"index":"index","follow":"follow","max-snippet":"max-snippet:-1","max-image-preview":"max-image-preview:large","max-video-preview":"max-video-preview:-1"},"canonical":"https:\/\/kurioworld.com\/fr-gulli\/terms-of-use\/","og_locale":"fr_FR","og_type":"article","og_title":"Conditions g\u00e9n\u00e9rales d'utilisation des tablettes - Kurio - recommand\u00e9 par Gulli","og_url":"https:\/\/kurioworld.com\/fr-gulli\/terms-of-use\/","og_site_name":"Kurio - recommand\u00e9 par Gulli","og_image":[{"width":1200,"height":675,"url":"https:\/\/kurioworld.com\/fr-gulli\/wp-content\/uploads\/sites\/11\/2025\/07\/kurioworld_home_FR.png","type":"image\/png"}],"twitter_card":"summary_large_image","twitter_misc":{"Dur\u00e9e de lecture estim\u00e9e":"6 minutes"},"schema":{"@context":"https:\/\/schema.org","@graph":[{"@type":"WebPage","@id":"https:\/\/kurioworld.com\/fr-gulli\/terms-of-use\/","url":"https:\/\/kurioworld.com\/fr-gulli\/terms-of-use\/","name":"Conditions g\u00e9n\u00e9rales d'utilisation des tablettes - Kurio - recommand\u00e9 par Gulli","isPartOf":{"@id":"https:\/\/kurioworld.com\/fr-gulli\/#website"},"datePublished":"2017-09-19T13:35:27+00:00","breadcrumb":{"@id":"https:\/\/kurioworld.com\/fr-gulli\/terms-of-use\/#breadcrumb"},"inLanguage":"fr-FR","potentialAction":[{"@type":"ReadAction","target":["https:\/\/kurioworld.com\/fr-gulli\/terms-of-use\/"]}]},{"@type":"BreadcrumbList","@id":"https:\/\/kurioworld.com\/fr-gulli\/terms-of-use\/#breadcrumb","itemListElement":[{"@type":"ListItem","position":1,"name":"Portada","item":"https:\/\/kurioworld.com\/fr-gulli\/"},{"@type":"ListItem","position":2,"name":"Conditions g\u00e9n\u00e9rales d&rsquo;utilisation des tablettes"}]},{"@type":"WebSite","@id":"https:\/\/kurioworld.com\/fr-gulli\/#website","url":"https:\/\/kurioworld.com\/fr-gulli\/","name":"Kurio - recommand\u00e9 par Gulli","description":"SAFE TECH FOR KIDS","alternateName":"Kurio","potentialAction":[{"@type":"SearchAction","target":{"@type":"EntryPoint","urlTemplate":"https:\/\/kurioworld.com\/fr-gulli\/?s={search_term_string}"},"query-input":{"@type":"PropertyValueSpecification","valueRequired":true,"valueName":"search_term_string"}}],"inLanguage":"fr-FR"}]}},"_links":{"self":[{"href":"https:\/\/kurioworld.com\/fr-gulli\/wp-json\/wp\/v2\/pages\/7187","targetHints":{"allow":["GET"]}}],"collection":[{"href":"https:\/\/kurioworld.com\/fr-gulli\/wp-json\/wp\/v2\/pages"}],"about":[{"href":"https:\/\/kurioworld.com\/fr-gulli\/wp-json\/wp\/v2\/types\/page"}],"author":[{"embeddable":true,"href":"https:\/\/kurioworld.com\/fr-gulli\/wp-json\/wp\/v2\/users\/2"}],"replies":[{"embeddable":true,"href":"https:\/\/kurioworld.com\/fr-gulli\/wp-json\/wp\/v2\/comments?post=7187"}],"version-history":[{"count":0,"href":"https:\/\/kurioworld.com\/fr-gulli\/wp-json\/wp\/v2\/pages\/7187\/revisions"}],"wp:attachment":[{"href":"https:\/\/kurioworld.com\/fr-gulli\/wp-json\/wp\/v2\/media?parent=7187"}],"curies":[{"name":"wp","href":"https:\/\/api.w.org\/{rel}","templated":true}]}}